{"id":11,"date":"2016-01-22T11:42:03","date_gmt":"2016-01-22T10:42:03","guid":{"rendered":"http:\/\/joailliersorfevres.fr\/v2\/christian-miche\/?page_id=11"},"modified":"2016-09-21T10:24:42","modified_gmt":"2016-09-21T09:24:42","slug":"nos-engagements","status":"publish","type":"page","link":"https:\/\/joailliersorfevres.fr\/stauffer\/nos-engagements\/","title":{"rendered":"Nos services"},"content":{"rendered":"<ul>\n<li>\n<h3>Paiement en 4 fois sans frais<\/h3>\n<ul>\n<li><strong>C&rsquo;est facile et GRATUIT pour vous : profitez-en !<\/strong><\/li>\n<\/ul>\n<\/li>\n<li>\n<h3>Moyens de paiement<\/h3>\n<ul>\n<li><strong>R\u00e8glements en carte bancaire, en esp\u00e8ce ou en virement.<br \/>\n<img loading=\"lazy\" decoding=\"async\" class=\"wp-image-827 size-full alignleft\" src=\"http:\/\/joailliersorfevres.fr\/stauffer\/wp-content\/uploads\/sites\/14\/attention-1.jpg\" width=\"27\" height=\"29\" \/>\u00a0\u00a0<\/strong>Nous n&rsquo;acceptons plus les ch\u00e8ques bancaires.<\/li>\n<\/ul>\n<\/li>\n<li>\n<h3>Ajustage de votre bague<\/h3>\n<ul>\n<li><strong>L&rsquo;ajustage gracieux de votre bague NEUVE vous est offert.<\/strong><br \/>\nDans les quinze jours suivant l&rsquo;achat.<\/li>\n<\/ul>\n<\/li>\n<li>\n<h3>Echange des articles neufs<\/h3>\n<ul>\n<li><strong>Dans un d\u00e9lai de quinze jours.<\/strong><br \/>\nSauf produits remis\u00e9s et boucles d&rsquo;oreilles \/ piercings.<\/li>\n<\/ul>\n<\/li>\n<li>\n<h3>Gravue offerte<\/h3>\n<ul>\n<li><strong>La gravue de votre bijou OFFERTE.<\/strong><\/li>\n<\/ul>\n<\/li>\n<li>\n<h3>Per\u00e7age d&rsquo;oreilles<\/h3>\n<ul>\n<li><strong>Le per\u00e7age d&rsquo;oreilles \u00e0 partir de 2 ans avec pommade anesth\u00e9siante.<\/strong><br \/>\nSyst\u00e8me \u00e0 usage unique 100% s\u00fbr et st\u00e9rile.<\/li>\n<\/ul>\n<\/li>\n<li>\n<h3>Devis de r\u00e9paration gratuit<\/h3>\n<ul>\n<li><strong>Les devis de r\u00e9parations et de transformations sont GRATUITS.<\/strong><br \/>\nSauf montres CASIO.<\/li>\n<\/ul>\n<\/li>\n<li>\n<h3>Garanties des bijoux<\/h3>\n<ul>\n<li><strong>Tous les bijoux sont garantis 6 mois contre les vices de conformit\u00e9.<\/strong><br \/>\nHors usure normale et dommages caus\u00e9s par l&rsquo;acheteur.<\/li>\n<\/ul>\n<\/li>\n<li>\n<h3>Garanties des montres<\/h3>\n<ul>\n<li><strong>Tous les mouvements de montres sont garantis 2 ans.<\/strong><br \/>\nSont exclus bo\u00eetiers, bracelets, verres et remontoirs.<\/li>\n<\/ul>\n<\/li>\n<\/ul>\n","protected":false},"excerpt":{"rendered":"<p>Paiement en 4 fois sans frais C&rsquo;est facile et GRATUIT pour vous : profitez-en ! Moyens de paiement R\u00e8glements en carte bancaire, en esp\u00e8ce ou en virement. \u00a0\u00a0Nous n&rsquo;acceptons plus les ch\u00e8ques bancaires. Ajustage de votre bague L&rsquo;ajustage gracieux de votre bague NEUVE vous est offert. Dans les quinze jours suivant l&rsquo;achat. Echange des articles &hellip; <a href=\"https:\/\/joailliersorfevres.fr\/stauffer\/nos-engagements\/\" class=\"more-link\">Continuer la lecture de <span class=\"screen-reader-text\">Nos services<\/span> <span class=\"meta-nav\">&rarr;<\/span><\/a><\/p>\n","protected":false},"author":1,"featured_media":0,"parent":0,"menu_order":0,"comment_status":"closed","ping_status":"closed","template":"","meta":{"footnotes":""},"_links":{"self":[{"href":"https:\/\/joailliersorfevres.fr\/stauffer\/wp-json\/wp\/v2\/pages\/11"}],"collection":[{"href":"https:\/\/joailliersorfevres.fr\/stauffer\/wp-json\/wp\/v2\/pages"}],"about":[{"href":"https:\/\/joailliersorfevres.fr\/stauffer\/wp-json\/wp\/v2\/types\/page"}],"author":[{"embeddable":true,"href":"https:\/\/joailliersorfevres.fr\/stauffer\/wp-json\/wp\/v2\/users\/1"}],"replies":[{"embeddable":true,"href":"https:\/\/joailliersorfevres.fr\/stauffer\/wp-json\/wp\/v2\/comments?post=11"}],"version-history":[{"count":39,"href":"https:\/\/joailliersorfevres.fr\/stauffer\/wp-json\/wp\/v2\/pages\/11\/revisions"}],"predecessor-version":[{"id":1114,"href":"https:\/\/joailliersorfevres.fr\/stauffer\/wp-json\/wp\/v2\/pages\/11\/revisions\/1114"}],"wp:attachment":[{"href":"https:\/\/joailliersorfevres.fr\/stauffer\/wp-json\/wp\/v2\/media?parent=11"}],"curies":[{"name":"wp","href":"https:\/\/api.w.org\/{rel}","templated":true}]}}