{"id":521,"date":"2016-03-18T14:22:54","date_gmt":"2016-03-18T13:22:54","guid":{"rendered":"http:\/\/joailliersorfevres.fr\/v2\/christian-miche\/?page_id=521"},"modified":"2016-09-23T10:57:37","modified_gmt":"2016-09-23T09:57:37","slug":"nos-bijouteries","status":"publish","type":"page","link":"https:\/\/joailliersorfevres.fr\/malgat\/nos-bijouteries\/","title":{"rendered":"Nos bijouteries"},"content":{"rendered":"<p style=\"text-align: left;\"><p class=\"error\">Basic Google Maps Placemarks erreur : les fichiers JavaScript et\/ou CSS n'ont pas pu \u00eatre chargez. SI vous utilisez la fonction do_shortcode(), vous devez ajouter un filtre \u00e0 votre th\u00e8me. <a href=\"http:\/\/wordpress.org\/extend\/plugins\/basic-google-maps-placemarks\/faq\/\">the FAQ<\/a>Plus de d\u00e9tails.<\/p><\/p>\n<hr \/>\n<p>&nbsp;<\/p>\n<h3>Malgat<\/h3>\n<p><a href=\"http:\/\/joailliersorfevres.fr\/malgat\/contact\/\">Envoyer un message<\/a><\/p>\n<p>&nbsp;<\/p>\n<ul>\n<li><strong>Malgat<\/strong><br \/>\n181 rue Droite<br \/>\n04200 SISTERON<\/p>\n<p><img loading=\"lazy\" decoding=\"async\" class=\"alignnone wp-image-1099 size-medium\" src=\"http:\/\/joailliersorfevres.fr\/malgat\/wp-content\/uploads\/sites\/25\/malgat3-300x199.jpg\" width=\"300\" height=\"199\" srcset=\"https:\/\/joailliersorfevres.fr\/malgat\/wp-content\/uploads\/sites\/25\/malgat3-300x199.jpg 300w, https:\/\/joailliersorfevres.fr\/malgat\/wp-content\/uploads\/sites\/25\/malgat3-1024x680.jpg 1024w, https:\/\/joailliersorfevres.fr\/malgat\/wp-content\/uploads\/sites\/25\/malgat3.jpg 1029w\" sizes=\"(max-width: 300px) 100vw, 300px\" \/><\/p>\n<p class=\"tel\"><strong>04 92 61 00 62<\/strong><\/p>\n<h5>Horaires<\/h5>\n<p><span style=\"color: #0ba200;\">Ouvert<\/span><br \/>\n<strong>&#8211; Du mardi au samedi<\/strong><br \/>\nde 9h00 \u00e0 12h15 et de 14h30 \u00e0 19h00<\/li>\n<\/ul>\n<hr \/>\n","protected":false},"excerpt":{"rendered":"<p>&nbsp; Malgat Envoyer un message &nbsp; Malgat 181 rue Droite 04200 SISTERON 04 92 61 00 62 Horaires Ouvert &#8211; Du mardi au samedi de 9h00 \u00e0 12h15 et de 14h30 \u00e0 19h00<\/p>\n","protected":false},"author":1,"featured_media":0,"parent":0,"menu_order":0,"comment_status":"closed","ping_status":"closed","template":"","meta":{"footnotes":""},"_links":{"self":[{"href":"https:\/\/joailliersorfevres.fr\/malgat\/wp-json\/wp\/v2\/pages\/521"}],"collection":[{"href":"https:\/\/joailliersorfevres.fr\/malgat\/wp-json\/wp\/v2\/pages"}],"about":[{"href":"https:\/\/joailliersorfevres.fr\/malgat\/wp-json\/wp\/v2\/types\/page"}],"author":[{"embeddable":true,"href":"https:\/\/joailliersorfevres.fr\/malgat\/wp-json\/wp\/v2\/users\/1"}],"replies":[{"embeddable":true,"href":"https:\/\/joailliersorfevres.fr\/malgat\/wp-json\/wp\/v2\/comments?post=521"}],"version-history":[{"count":86,"href":"https:\/\/joailliersorfevres.fr\/malgat\/wp-json\/wp\/v2\/pages\/521\/revisions"}],"predecessor-version":[{"id":1130,"href":"https:\/\/joailliersorfevres.fr\/malgat\/wp-json\/wp\/v2\/pages\/521\/revisions\/1130"}],"wp:attachment":[{"href":"https:\/\/joailliersorfevres.fr\/malgat\/wp-json\/wp\/v2\/media?parent=521"}],"curies":[{"name":"wp","href":"https:\/\/api.w.org\/{rel}","templated":true}]}}