{"id":11,"date":"2016-01-22T11:42:03","date_gmt":"2016-01-22T10:42:03","guid":{"rendered":"http:\/\/joailliersorfevres.fr\/v2\/christian-miche\/?page_id=11"},"modified":"2016-09-21T16:08:21","modified_gmt":"2016-09-21T15:08:21","slug":"nos-engagements","status":"publish","type":"page","link":"https:\/\/joailliersorfevres.fr\/jean-frimat\/nos-engagements\/","title":{"rendered":"Nos services"},"content":{"rendered":"<ul>\n<li>\n<h3>Paiement en 4 fois sans frais<\/h3>\n<ul>\n<li><strong>C&rsquo;est facile et GRATUIT pour vous : profitez-en !<\/strong><\/li>\n<\/ul>\n<\/li>\n<li>\n<h3>Moyens de paiement<\/h3>\n<ul>\n<li><strong>R\u00e8glements en carte bancaire, en esp\u00e8ce ou en virement.<br \/>\n<img loading=\"lazy\" decoding=\"async\" class=\"wp-image-827 size-full alignleft\" src=\"http:\/\/joailliersorfevres.fr\/jean-frimat\/wp-content\/uploads\/sites\/11\/attention-1.jpg\" width=\"27\" height=\"29\" \/>\u00a0\u00a0<\/strong>Nous n&rsquo;acceptons plus les ch\u00e8ques bancaires.<\/li>\n<\/ul>\n<\/li>\n<li>\n<h3>Ajustage<\/h3>\n<ul>\n<li><strong>L&rsquo;ajustage gracieux de votre bague NEUVE.<\/strong><br \/>\nDans les quinze jours suivant l&rsquo;achat.<\/li>\n<\/ul>\n<\/li>\n<li>\n<h3>Echange des articles neufs<\/h3>\n<ul>\n<li><strong>L&rsquo;\u00e9change des articles NEUFS dans les quinze jours.<\/strong><br \/>\nSauf produits remis\u00e9s et boucles d&rsquo;oreilles \/ piercings.<\/li>\n<\/ul>\n<\/li>\n<li>\n<h3>Gravure<\/h3>\n<ul>\n<li><strong>La gravure de votre bijou OFFERTE.<\/strong><br \/>\nA partir de 129\u20ac.<\/li>\n<\/ul>\n<\/li>\n<li>\n<h3>Per\u00e7age d&rsquo;oreilles<\/h3>\n<ul>\n<li><strong>Le per\u00e7age d&rsquo;oreilles d\u00e8s 2 ans avec pommade anesth\u00e9siante.<\/strong><br \/>\nSyst\u00e8me \u00e0 usage unique 100% s\u00fbr et st\u00e9rile. <\/li>\n<\/ul>\n<\/li>\n<li>\n<h3>Devis<\/h3>\n<ul>\n<li><strong>Les devis de r\u00e9parations et de transformations GRATUITS.<\/strong><br \/>\nSauf montres CASIO.<\/li>\n<\/ul>\n<\/li>\n<li>\n<h3>Garanties<\/h3>\n<ul>\n<li style=\"line-height:1em;\"><strong>Tous les bijoux sont garantis 6 mois contre les vices de conformit\u00e9.<\/strong><br \/>Hors usure normale et dommages caus\u00e9s par l&rsquo;acheteur.<\/li>\n<li style=\"line-height:1em;padding-top:25px;\"><strong>Tous les mouvements de montres sont garantis 2 ans.<\/strong><br \/>Sont exclus bo\u00eetiers, bracelets, verres et remontoirs. <\/li>\n<\/ul>\n<\/li>\n<\/ul>\n","protected":false},"excerpt":{"rendered":"<p>Paiement en 4 fois sans frais C&rsquo;est facile et GRATUIT pour vous : profitez-en ! Moyens de paiement R\u00e8glements en carte bancaire, en esp\u00e8ce ou en virement. \u00a0\u00a0Nous n&rsquo;acceptons plus les ch\u00e8ques bancaires. Ajustage L&rsquo;ajustage gracieux de votre bague NEUVE. Dans les quinze jours suivant l&rsquo;achat. Echange des articles neufs L&rsquo;\u00e9change des articles NEUFS dans &hellip; <a href=\"https:\/\/joailliersorfevres.fr\/jean-frimat\/nos-engagements\/\" class=\"more-link\">Continuer la lecture de <span class=\"screen-reader-text\">Nos services<\/span> <span class=\"meta-nav\">&rarr;<\/span><\/a><\/p>\n","protected":false},"author":1,"featured_media":0,"parent":0,"menu_order":0,"comment_status":"closed","ping_status":"closed","template":"","meta":{"footnotes":""},"_links":{"self":[{"href":"https:\/\/joailliersorfevres.fr\/jean-frimat\/wp-json\/wp\/v2\/pages\/11"}],"collection":[{"href":"https:\/\/joailliersorfevres.fr\/jean-frimat\/wp-json\/wp\/v2\/pages"}],"about":[{"href":"https:\/\/joailliersorfevres.fr\/jean-frimat\/wp-json\/wp\/v2\/types\/page"}],"author":[{"embeddable":true,"href":"https:\/\/joailliersorfevres.fr\/jean-frimat\/wp-json\/wp\/v2\/users\/1"}],"replies":[{"embeddable":true,"href":"https:\/\/joailliersorfevres.fr\/jean-frimat\/wp-json\/wp\/v2\/comments?post=11"}],"version-history":[{"count":36,"href":"https:\/\/joailliersorfevres.fr\/jean-frimat\/wp-json\/wp\/v2\/pages\/11\/revisions"}],"predecessor-version":[{"id":1086,"href":"https:\/\/joailliersorfevres.fr\/jean-frimat\/wp-json\/wp\/v2\/pages\/11\/revisions\/1086"}],"wp:attachment":[{"href":"https:\/\/joailliersorfevres.fr\/jean-frimat\/wp-json\/wp\/v2\/media?parent=11"}],"curies":[{"name":"wp","href":"https:\/\/api.w.org\/{rel}","templated":true}]}}